{"id":110,"date":"2024-09-21T00:03:50","date_gmt":"2024-09-21T00:03:50","guid":{"rendered":"http:\/\/ape-xxx.local\/?page_id=110"},"modified":"2025-01-21T22:15:57","modified_gmt":"2025-01-21T22:15:57","slug":"lassociation","status":"publish","type":"page","link":"https:\/\/mmi23e16.mmi-troyes.fr\/ape\/lassociation\/","title":{"rendered":"L&rsquo;association"},"content":{"rendered":"\n<div class=\"wp-block-cover alignfull\" style=\"min-height:265px;aspect-ratio:unset;\"><span aria-hidden=\"true\" class=\"wp-block-cover__background has-background-dim\" style=\"background-color:#845e55\"><\/span><img loading=\"lazy\" decoding=\"async\" width=\"2560\" height=\"1812\" class=\"wp-block-cover__image-background wp-image-36\" alt=\"\" src=\"http:\/\/ape-xxx.local\/wp-content\/uploads\/2024\/09\/banniere-scaled.jpg\" style=\"object-position:48% 39%\" data-object-fit=\"cover\" data-object-position=\"48% 39%\" srcset=\"https:\/\/mmi23e16.mmi-troyes.fr\/ape\/wp-content\/uploads\/2024\/09\/banniere-scaled.jpg 2560w, https:\/\/mmi23e16.mmi-troyes.fr\/ape\/wp-content\/uploads\/2024\/09\/banniere-300x212.jpg 300w, https:\/\/mmi23e16.mmi-troyes.fr\/ape\/wp-content\/uploads\/2024\/09\/banniere-1024x725.jpg 1024w, https:\/\/mmi23e16.mmi-troyes.fr\/ape\/wp-content\/uploads\/2024\/09\/banniere-768x544.jpg 768w, https:\/\/mmi23e16.mmi-troyes.fr\/ape\/wp-content\/uploads\/2024\/09\/banniere-1536x1087.jpg 1536w, https:\/\/mmi23e16.mmi-troyes.fr\/ape\/wp-content\/uploads\/2024\/09\/banniere-2048x1449.jpg 2048w\" sizes=\"auto, (max-width: 2560px) 100vw, 2560px\" \/><div class=\"wp-block-cover__inner-container is-layout-flow wp-block-cover-is-layout-flow\">\n<h1 class=\"wp-block-heading has-text-align-center has-xx-large-font-size\">L&rsquo;association<\/h1>\n<\/div><\/div>\n\n\n\n<div class=\"wp-block-group alignfull has-global-padding is-layout-constrained wp-container-core-group-is-layout-9c01490e wp-block-group-is-layout-constrained\" style=\"padding-top:3em;padding-right:4vw;padding-bottom:3em;padding-left:4vw\">\n<h2 class=\"wp-block-heading has-text-align-center\" style=\"padding-bottom:1.5em\">Qui sommes-nous ?<\/h2>\n\n\n\n<div class=\"wp-block-columns are-vertically-aligned-center is-layout-flex wp-container-core-columns-is-layout-700cb50f wp-block-columns-is-layout-flex\">\n<div class=\"wp-block-column is-vertically-aligned-center is-layout-flow wp-block-column-is-layout-flow\" style=\"flex-basis:65%\">\n<p>L&rsquo;APE XXX et l&rsquo;Association des Parents d&rsquo;\u00c9l\u00e8ves du groupe scolaire de XXX, qui regroupe l&rsquo;\u00e9cole maternelle et l&rsquo;\u00e9cole primaire. L&rsquo;association est compos\u00e9e de parents b\u00e9n\u00e9voles, qui donnent de leur temps pour faire vivre l&rsquo;\u00e9cole en dehors des classes. Nous organisons diff\u00e9rentes actions tout au long de l&rsquo;ann\u00e9e qui nous permettent de r\u00e9colter des fonds utilis\u00e9s pour le b\u00e9n\u00e9fice de nos enfants.<\/p>\n<\/div>\n\n\n\n<div class=\"wp-block-column is-vertically-aligned-center is-layout-flow wp-block-column-is-layout-flow\" style=\"flex-basis:35%\">\n<figure class=\"wp-block-image aligncenter size-full is-resized\"><img loading=\"lazy\" decoding=\"async\" width=\"512\" height=\"512\" src=\"http:\/\/ape-xxx.local\/wp-content\/uploads\/2024\/09\/teamwork.png\" alt=\"\" class=\"wp-image-53\" style=\"width:160px;height:auto\" srcset=\"https:\/\/mmi23e16.mmi-troyes.fr\/ape\/wp-content\/uploads\/2024\/09\/teamwork.png 512w, https:\/\/mmi23e16.mmi-troyes.fr\/ape\/wp-content\/uploads\/2024\/09\/teamwork-300x300.png 300w, https:\/\/mmi23e16.mmi-troyes.fr\/ape\/wp-content\/uploads\/2024\/09\/teamwork-150x150.png 150w\" sizes=\"auto, (max-width: 512px) 100vw, 512px\" \/><\/figure>\n<\/div>\n<\/div>\n\n\n\n<div class=\"wp-block-group is-content-justification-center is-layout-flex wp-container-core-group-is-layout-c46c5499 wp-block-group-is-layout-flex\" style=\"padding-top:2em\">\n<div class=\"wp-block-group is-vertical is-content-justification-left is-layout-flex wp-container-core-group-is-layout-994fc1a2 wp-block-group-is-layout-flex\">\n<h3 class=\"wp-block-heading has-text-align-left\">Nos actions<\/h3>\n\n\n\n<ul style=\"padding-left:1em\" class=\"wp-block-list is-style-default\">\n<li>Vente de chocolats<\/li>\n\n\n\n<li>Vente de sapins de No\u00ebl aubois<\/li>\n\n\n\n<li>March\u00e9 de No\u00ebl<\/li>\n\n\n\n<li>Tombola<\/li>\n\n\n\n<li>Kermesse<\/li>\n<\/ul>\n<\/div>\n\n\n\n<div class=\"wp-block-group is-vertical is-content-justification-left is-layout-flex wp-container-core-group-is-layout-994fc1a2 wp-block-group-is-layout-flex\">\n<h3 class=\"wp-block-heading has-text-align-left\">L&rsquo;argent r\u00e9colt\u00e9 finance<\/h3>\n\n\n\n<ul style=\"padding-left:1em\" class=\"wp-block-list\">\n<li>Surprise de No\u00ebl des enfants<\/li>\n\n\n\n<li>Go\u00fbter de la f\u00eate du carnaval<\/li>\n\n\n\n<li>Achats de petit mat\u00e9riel<\/li>\n\n\n\n<li>Participation aux sorties et projets<\/li>\n<\/ul>\n<\/div>\n<\/div>\n<\/div>\n\n\n\n<hr class=\"wp-block-separator has-text-color has-custom-citron-color has-alpha-channel-opacity has-custom-citron-background-color has-background is-style-dots\" style=\"margin-top:2em;margin-bottom:2em\"\/>\n\n\n\n<div class=\"wp-block-group alignfull has-global-padding is-layout-constrained wp-block-group-is-layout-constrained\">\n<h2 class=\"wp-block-heading has-text-align-center\" style=\"padding-bottom:1.5em\">L&rsquo;\u00e9quipe<\/h2>\n\n\n\n<div class=\"wp-block-group has-global-padding is-layout-constrained wp-block-group-is-layout-constrained\" style=\"margin-bottom:2em\">\n<h3 class=\"wp-block-heading\" style=\"padding-bottom:2em\">Composition du bureau<\/h3>\n\n\n\n<div class=\"wp-block-group is-layout-grid wp-container-core-group-is-layout-d38c7947 wp-block-group-is-layout-grid\">\n<div class=\"wp-block-group is-content-justification-left is-nowrap is-layout-flex wp-container-core-group-is-layout-5b565aba wp-block-group-is-layout-flex\">\n<figure class=\"wp-block-image size-thumbnail is-style-default wp-duotone-unset-1\"><img loading=\"lazy\" decoding=\"async\" width=\"150\" height=\"150\" src=\"http:\/\/ape-xxx.local\/wp-content\/uploads\/2024\/09\/monster-yellow1-150x150.png\" alt=\"\" class=\"wp-image-140\" srcset=\"https:\/\/mmi23e16.mmi-troyes.fr\/ape\/wp-content\/uploads\/2024\/09\/monster-yellow1-150x150.png 150w, https:\/\/mmi23e16.mmi-troyes.fr\/ape\/wp-content\/uploads\/2024\/09\/monster-yellow1-300x300.png 300w, https:\/\/mmi23e16.mmi-troyes.fr\/ape\/wp-content\/uploads\/2024\/09\/monster-yellow1.png 512w\" sizes=\"auto, (max-width: 150px) 100vw, 150px\" \/><\/figure>\n\n\n\n<div class=\"wp-block-group is-vertical is-layout-flex wp-container-core-group-is-layout-fe9cc265 wp-block-group-is-layout-flex\">\n<h3 class=\"wp-block-heading has-custom-citron-color has-text-color has-link-color wp-elements-346a3a6ae2b980d6278590d39d7b8f03\">Pr\u00e9nom<\/h3>\n\n\n\n<p style=\"font-style:normal;font-weight:700\">Pr\u00e9sidente<\/p>\n\n\n\n<p>Enfants scolaris\u00e9s en GS et CM1<\/p>\n<\/div>\n<\/div>\n\n\n\n<div class=\"wp-block-group is-content-justification-left is-nowrap is-layout-flex wp-container-core-group-is-layout-5b565aba wp-block-group-is-layout-flex\">\n<figure class=\"wp-block-image size-thumbnail is-style-default wp-duotone-unset-2\"><img loading=\"lazy\" decoding=\"async\" width=\"150\" height=\"150\" src=\"http:\/\/ape-xxx.local\/wp-content\/uploads\/2024\/09\/monster-green3-150x150.png\" alt=\"\" class=\"wp-image-141\" srcset=\"https:\/\/mmi23e16.mmi-troyes.fr\/ape\/wp-content\/uploads\/2024\/09\/monster-green3-150x150.png 150w, https:\/\/mmi23e16.mmi-troyes.fr\/ape\/wp-content\/uploads\/2024\/09\/monster-green3-300x300.png 300w, https:\/\/mmi23e16.mmi-troyes.fr\/ape\/wp-content\/uploads\/2024\/09\/monster-green3.png 512w\" sizes=\"auto, (max-width: 150px) 100vw, 150px\" \/><\/figure>\n\n\n\n<div class=\"wp-block-group is-vertical is-layout-flex wp-container-core-group-is-layout-fe9cc265 wp-block-group-is-layout-flex\">\n<h3 class=\"wp-block-heading has-custom-menthe-color has-text-color has-link-color wp-elements-735961d8ff313dec8e547da2d3eaf4e7\">Pr\u00e9nom<\/h3>\n\n\n\n<p style=\"font-style:normal;font-weight:700\">Tr\u00e9sori\u00e8re<\/p>\n\n\n\n<p>Enfants scolaris\u00e9s en \u00e9l\u00e9mentaire<\/p>\n<\/div>\n<\/div>\n\n\n\n<div class=\"wp-block-group is-content-justification-left is-nowrap is-layout-flex wp-container-core-group-is-layout-5b565aba wp-block-group-is-layout-flex\">\n<figure class=\"wp-block-image size-thumbnail is-style-default wp-duotone-unset-3\"><img loading=\"lazy\" decoding=\"async\" width=\"150\" height=\"150\" src=\"http:\/\/ape-xxx.local\/wp-content\/uploads\/2024\/09\/monster-red3-150x150.png\" alt=\"\" class=\"wp-image-142\" srcset=\"https:\/\/mmi23e16.mmi-troyes.fr\/ape\/wp-content\/uploads\/2024\/09\/monster-red3-150x150.png 150w, https:\/\/mmi23e16.mmi-troyes.fr\/ape\/wp-content\/uploads\/2024\/09\/monster-red3-300x300.png 300w, https:\/\/mmi23e16.mmi-troyes.fr\/ape\/wp-content\/uploads\/2024\/09\/monster-red3.png 512w\" sizes=\"auto, (max-width: 150px) 100vw, 150px\" \/><\/figure>\n\n\n\n<div class=\"wp-block-group is-vertical is-layout-flex wp-container-core-group-is-layout-fe9cc265 wp-block-group-is-layout-flex\">\n<h3 class=\"wp-block-heading has-custom-rose-color has-text-color has-link-color wp-elements-af2172cddaedcc4f89ff4e219cb205d6\">Pr\u00e9nom<\/h3>\n\n\n\n<p style=\"font-style:normal;font-weight:700\">Secr\u00e9taire<\/p>\n\n\n\n<p>Enfants scolaris\u00e9s en &#8230;<\/p>\n<\/div>\n<\/div>\n<\/div>\n<\/div>\n\n\n\n<div class=\"wp-block-group has-global-padding is-layout-constrained wp-block-group-is-layout-constrained\" style=\"margin-bottom:2em\">\n<h3 class=\"wp-block-heading\" style=\"padding-bottom:2em\">Rejoignez-nous !<\/h3>\n\n\n\n<div class=\"wp-block-columns are-vertically-aligned-center is-layout-flex wp-container-core-columns-is-layout-700cb50f wp-block-columns-is-layout-flex\">\n<div class=\"wp-block-column is-vertically-aligned-center is-layout-flow wp-block-column-is-layout-flow\" style=\"flex-basis:35%\">\n<figure class=\"wp-block-image aligncenter size-full is-resized\"><img loading=\"lazy\" decoding=\"async\" width=\"512\" height=\"512\" src=\"http:\/\/ape-xxx.local\/wp-content\/uploads\/2024\/09\/collaboration.png\" alt=\"\" class=\"wp-image-65\" style=\"width:160px;height:auto\" srcset=\"https:\/\/mmi23e16.mmi-troyes.fr\/ape\/wp-content\/uploads\/2024\/09\/collaboration.png 512w, https:\/\/mmi23e16.mmi-troyes.fr\/ape\/wp-content\/uploads\/2024\/09\/collaboration-300x300.png 300w, https:\/\/mmi23e16.mmi-troyes.fr\/ape\/wp-content\/uploads\/2024\/09\/collaboration-150x150.png 150w\" sizes=\"auto, (max-width: 512px) 100vw, 512px\" \/><\/figure>\n<\/div>\n\n\n\n<div class=\"wp-block-column is-vertically-aligned-center is-layout-flow wp-block-column-is-layout-flow\" style=\"flex-basis:65%\">\n<p>Vous souhaitez participer \u00e0 l&rsquo;association, un peu, beaucoup, passionn\u00e9ment ? Toute aide est la bienvenue, que ce soit pour l&rsquo;organisation des \u00e9v\u00e8nements en amont, ou pour donner un coup de main le jour J, on n&rsquo;est jamais trop nombreux : contactez-nous !<\/p>\n<\/div>\n<\/div>\n<\/div>\n<\/div>\n","protected":false},"excerpt":{"rendered":"<p>Qui sommes-nous ? L&rsquo;APE XXX et l&rsquo;Association des Parents d&rsquo;\u00c9l\u00e8ves du groupe scolaire de XXX, qui regroupe l&rsquo;\u00e9cole maternelle et l&rsquo;\u00e9cole primaire. L&rsquo;association est compos\u00e9e de parents b\u00e9n\u00e9voles, qui donnent de leur temps pour faire vivre l&rsquo;\u00e9cole en dehors des classes. Nous organisons diff\u00e9rentes actions tout au long de l&rsquo;ann\u00e9e qui nous permettent de r\u00e9colter [&hellip;]<\/p>\n","protected":false},"author":1,"featured_media":0,"parent":0,"menu_order":0,"comment_status":"closed","ping_status":"closed","template":"","meta":{"footnotes":""},"class_list":["post-110","page","type-page","status-publish","hentry"],"_links":{"self":[{"href":"https:\/\/mmi23e16.mmi-troyes.fr\/ape\/wp-json\/wp\/v2\/pages\/110","targetHints":{"allow":["GET"]}}],"collection":[{"href":"https:\/\/mmi23e16.mmi-troyes.fr\/ape\/wp-json\/wp\/v2\/pages"}],"about":[{"href":"https:\/\/mmi23e16.mmi-troyes.fr\/ape\/wp-json\/wp\/v2\/types\/page"}],"author":[{"embeddable":true,"href":"https:\/\/mmi23e16.mmi-troyes.fr\/ape\/wp-json\/wp\/v2\/users\/1"}],"replies":[{"embeddable":true,"href":"https:\/\/mmi23e16.mmi-troyes.fr\/ape\/wp-json\/wp\/v2\/comments?post=110"}],"version-history":[{"count":40,"href":"https:\/\/mmi23e16.mmi-troyes.fr\/ape\/wp-json\/wp\/v2\/pages\/110\/revisions"}],"predecessor-version":[{"id":327,"href":"https:\/\/mmi23e16.mmi-troyes.fr\/ape\/wp-json\/wp\/v2\/pages\/110\/revisions\/327"}],"wp:attachment":[{"href":"https:\/\/mmi23e16.mmi-troyes.fr\/ape\/wp-json\/wp\/v2\/media?parent=110"}],"curies":[{"name":"wp","href":"https:\/\/api.w.org\/{rel}","templated":true}]}}